.
14
Evaluate 18 - (1 + 8 + -2 + -9 - 0).
20
What is the value of 392 - 381 - ((-1 - 1) + 25)?
-12
What is the value of (2 - (0 + 0)) + 138 + -142?
-2
What is (165 - 157) + -1 + 4?
11
Evaluate 16 + (-5 - -7 - (8 + 0)) - 0.
10
What is (19 - 59) + (7 - 4)?
-37
What is the value of (-1 - 37) + (-1042 - -1062)?
-18
What is the value of -15 + 17 + (-1 - (-15 + 1) - -4)?
19
What is the value of -8 - (1 + (3 - 15)) - 3?
0
What is the value of 9 - 8 - 8 - -18?
11
What is the value of -9 + -6 + 15 + -2 + 2 - -6?
6
Calculate -2 - -6 - (-19 - -17).
6
What is the value of 1 + 17 - (-948 - -947)?
19
Calculate 7 + -8 - (3 + 0).
-4
Evaluate -16 - (-7 - 3) - 8.
-14
What is -10 + (-1 - -1) + 2 + -7 + -2?
-17
What is (-13 - (-18 + (19 - 11))) + 38?
35
Evaluate -68 + 70 + (0 - 5).
-3
-2 + 19 - (153 - 136)
0
Calculate (-21 - -8) + -15 + 11.
-17
What is 3 + 5 + (5 + 4 - -2) - 1?
18
What is (6 - 12 - 1) + 4 + 3?
0
What is 0 + 41 + -10 + -9 + 6?
28
What is the value of -14 + (-2 - 17 - -42)?
9
What is the value of -44 + (-20 - -65) + -8?
-7
Evaluate 8 - (-2 + 6 - (8 - (-2 - 1))).
15
Evaluate 132 - 139 - (0 + -13).
6
Calculate -3 - (-3 - (-11 - (-10 + 5))).
-6
What is (-62 - -28) + 74 + (2 - (-2 - -12))?
32
-5 + (5 - (-6 + 7 - -5 - 3))
-3
-2 + 12 + (25 - (6 + 2 + 1))
26
What is the value of 374 + -400 - (2 + -10 + -1)?
-17
Evaluate 18 + 5 + -22 - (2 + (1 - 7)).
5
What is the value of 0 - -1 - (-28 + 19 - -23)?
-13
Evaluate (-2 - -7) + -4 - (11 + 14 + -7).
-17
Evaluate -15 - (9 + -17) - 1 - (1 + -6).
-3
(15 - (19 - -6)) + 13
3
Calculate 35 - (-15 + 2 + 73).
-25
13 + -12 - (1 + -8) - (-10 + 10)
8
Calculate -5 - (-4 - (-1 + 5 - 0)).
3
What is -53 + (-4 - (-30 + -10))?
-17
21 + (33 - 43) - (0 + 9 + 1)
1
Calculate (-9 + 4 - -6) + 2 - 16.
-13
What is 5 + 7 + (25 - 17)?
20
Calculate (-9 - 2) + 17 + (-10 - 6) + 0.
-10
What is 10 + (-10 - (0 - 7)) + -21?
-14
Evaluate -77 + 77 + (13 - 2) + 2.
13
5 + 0 - (-54 + 64)
-5
(-260 - -256) + (-2 - -1 - 6)
-11
38 - (-32 + 135 - 34)
-31
Evaluate (15 - (-25 + 46)) + 8.
2
(1 - -9) + (42 - (34 + 21)) - 28
-31
Evaluate -5 - (-118 - -110 - (-1 - 3)).
-1
Evaluate 1 + 5 + (-6 - ((5 - -10) + -31)).
16
Calculate -1 - 3 - ((-7 + 16 - 19) + 6).
0
Evaluate 3 - -5 - (2 + (-18 - -9) - -16).
-1
(-93 - -107) + (-15 - -1)
0
What is -6 + (11 - 9) + 12 + -3?
5
What is the value of -15 - (53 - (4 + 35))?
-29
Evaluate -11 - (-1 + 12 - 12) - (-35 - -2).
23
Calculate 0 + -34 + 6 + 16.
-12
What is the value of 7 + 21 + -6 + (1 - 11)?
12
-9 + 4 + (3 - 0) + (9 - 15)
-8
What is the value of 583 + -587 + (-10 - (0 - -1))?
-15
(0 - -2) + 23 + -28 + 8
5
(8 - 7 - 2 - -4) + 12
15
What is the value of 1 + (-11 - 0 - -14) + -14 + -1?
-11
Calculate 13 - ((6 - -9) + 12).
-14
Calculate (-16 - (-6 - 4)) + (-8 + 0 - 0).
-14
Calculate -3 + 16 + (-19 - -5).
-1
Calculate -8 + (6 - (-14 - -10)).
2
What is the value of -13 + -6 + (-1 - -4)?
-16
Calculate 4 - (2 + 7) - (-2 + 4 - -5).
-12
What is the value of 11 + (15 - 14 - 8)?
4
What is -5 + 13 + -12 - 2?
-6
23 - 2 - (-882 + 877)
26
What is the value of -5 + 22 + -8 + -6 + -2 + 7?
8
Evaluate -4 - (-13 - (0 - -1) - (-2 + -5)).
3
What is the value of (12 - 24) + (2 - (-7 + 7))?
-10
Evaluate -95 - (-95 - 12) - (37 + 1).
-26
Calculate -61 - (-31 - 0) - -17.
-13
What is the value of (-133 - -112) + -2 + 22?
-1
Evaluate -4 + (-23 + 14 - -7) - 30.
-36
Calculate (3 - (0 + -10) - 6) + (-3 - -3).
7
-16 + -4 + 2 + (-326 - -324)
-20
What is the value of 6 - -2 - (-277 + 291)?
-6
Calculate (2 + 4 + 1 - 3) + 1.
5
Calculate -3 - (5 - 10) - 10.
-8
1 + 5 + 0 + -14 + -5 - -2
-11
Calculate (0 - (4 - 1)) + 7 - 15.
-11
What is the value of 2 - -12 - (-3 - (7 + (-9 - -3)))?
18
Calculate 10 + -18 + 3 + -6 - 2.
-13
Calculate -16 - (1 + 3 + -7 + (9 - 11)).
-11
Evaluate (-10 - (2 + -2)) + 18 + (19 - 30).
-3
What is the value of -6 - (2 + -6) - (-14 - 4)?
16
Evaluate 2 + 3 - 2 - (-11 - 3 - -16).
1
Evaluate (10 - (7 + (-1 - -1))) + -9.
-6
What is (-3 - (8 - (-4 - -1))) + 39?
25
Calculate -2 + -1 - 1 - (-9 - -16 - 1).
-10
Evaluate (35 - -4) + -68 + 2.
-27
Evaluate (-24 - -39) + (-8 - 22).
-15
Calculate (80 - 76) + 0 + 8 - 32.
-20
Evaluate 2 + -1 + (2 + 2 - -7).
12
Evaluate 17 + 1 + -11 - 9.
-2
Calculate -44 - -52 - (-1 + -13).
22
Calculate -5 - 1 - (-955 - -935).
14
23 + 3 + -21 - 19
-14
149 - 146 - (-13 - -51)
-35
What is ((-12 - 15) + 12 - -4) + 39?
28
Calculate (-17 - (6 - 17)) + 23 - -12.
29
What is 4 + (-8 + 3 + 21 - 1 - 8)?
11
0 + -8 + (-1 - -13)
4
What is 105 - 104 - (4 + (0 - 1)) - 2?
-4
(-1 - -11 - (-14 + (10 - -11))) + 2
5
What is -37 + (-2 - -35) + -3 + 1 + -31?
-37
Calculate 34 + -51 + 26 - (14 + 1).
-6
What is the value of 1 + 9 + (5 - (3 + 19))?
-7
Calculate (1 - 6) + -12 + (-8 - -8) + 9.
-8
What is the value of -19 + 34 + 1 + 2?
18
What is the value of 3 - (4 - (14 - (5 + 1)))?
7
What is -11 + (9 - 17) + 5?
-14
Calculate 1 + (-9 - (-14 - (13 + -7))).
12
Calculate (-8 - -6) + 19 - 9.
8
Calculate 5 + (-11 + 17 - (-2 - -6)).
7
Calculate 21 + (-6 + 0 - (-59 + 59)).
15
Calculate (27 - 6) + -18 - -11.
14
Evaluate (10 - (13 - -1 - 13)) + -1 + -2.
6
-10 - -6 - (8 + -8) - -11
7
What is the value of (-7 + 2 - 2) + (-4 - -33)?
22
What is -6 + (0 - (6 - 3) - -18) - 5?
4
-46 - -1 - (-300 - -279)
-24
Evaluate 0 + -30 + 24 + 1 + -1.
-6
What is the value of (-13 - (-13 + -17)) + -2 - (-4 + -1)?
20
What is the value of 20 + -23 + -33 + 38?
2
-20 + 16 - (-15 + 7)
4
-2 + (25 + -14 + -19 - -10)
0
6 + (25 - 1) - 11
19
Evaluate 14 - ((-2 - 1) + -2 - -8).
11
-7 + (-7 - -6 - -15 - (-7 - 0))
14
Evaluate -1 + (-1 - 8) - -10.
0
2 - (13 - (12 - -1))
2
What is the value of -19 - (-28 - (-40 + 22))?
-9
What is the value of 25 + (0 - (-8 - -14))?
19
What is 5 + 23 - 12 - 21 - (4 + 2)?
-11
Evaluate 26 - 11 - (5 + -9 - -4).
15
What is 28 + 7 - (-49 - -70)?
14
What is (-6 - -1) + -5 + (10 - 9)?
-9
-11 + 23 + 12 - (33 - 16)
7
What is the value of (17 - (15 - 8)) + 4 + -2?
12
What is -11 - (-17 - -5) - (26 - -2)?
-27
Evaluate 25 + (0 - (-7 + (-11 - -17))).
26
Evaluate 1 + 2 + -11 - (7 + (2 - 11)).
-6
What is the value of -1 + 12 + -11 + (3 - 0) + -3?
0
What is the value of -10 - (-9 - -1 - (76 - 72))?
2
What is the value of 13 + (-25 - 6 - -6)?
-12
Calculate -1 + ((-4 - -11) + 4 - (2 + 2)).
6
(-3 - 21) + 18 - -14 - -10
18
Evaluate 3 + (-7 - (8 + -7)) + (-17 - -3).
-19
What is (0 - -4) + 1 + (5 - 10 - -7)?
7
What is the value of (-6 - 19) + 22 + (-4 - -6) + -5?
-6
Evaluate -3 + 4 - (-5 - 6 - -3).
9
What is the value of (-10 - 0 - -8) + 13 + -5 + -11?
-5
(-10 - (-22 - -10 - 10)) + (-2 - 0)
10
Calculate -17 + -2 + -3 + 0 + -7 + 5.
-24
Calculate -2 - (20 + (-41 - 18)).
37
What is the value of 21 + (22 - (59 + -14))?
-2
Evaluate (-11 - 0 - -4) + 2.
-5
Evaluate (-25 - -19 - (-5 - -1)) + (4 - 11).
-9
What is the value of (22 - 0) + 260 + -278?
4
What is 36 + -60 - (-1 - 2) - -13?
-8
What is -49 - (-71 + (-41 - -87))?
-24
22 + -5 + -14 + -17
-14
Evaluate -5 + 0 + (1 - -18) + 0 + -5.
9
What is the value of (0 - (7 + 1)) + 10?
2
What is the value of 0 - -6 - ((-20 - 0) + 14)?
12
What is the value of (-8 - -1) + (30 - 7) + -13?
3
What is the value of 27 - (18 + 25) - -32?
16
What is 293 + -283 + 12 + -2 + 1?
21
-12 - ((1 - 1) + 0) - (-45 + 40)
-7
What is (49 - 40) + -16 + (-4 - -8)?
-3
What is the value of 0 - (32 - (0 - -16))?
-16
-1 + -1 - (-22 - 1 - -15)
6
What is 1090 + -1115 + (41 - -1)?
17
What is -1 + -1 + 6 - 1 - 8 - 5?
-10
What is -26 + -8 + 43 - (5 - 0)?
4
7 + (-12 - (-19 + 7) - -8)
15
What is the value of -940 + 913 + (-1 - (2 - 10 - 0))?
-20
Calculate -7 + -1 + -1 - (-159 + 158).
-8
Evaluate 26 + (-23 - -6) + 2.
11
-20 + (-22 - (-36 + -4))
-2
What is -11 - (-16 + -18) - 48?
-25
Evaluate ((-11 - 9) + (4 - 2) - -6) + -28.
-40
What is the value of -4 - (7 + 20 + -13 + -44)?
26
Calculate (-6 + 25 + -14 - 15) + -18.
-28
What is the value of -6 + 14 - (8 - (15 + 11 - 8))?
18
66 + -61 + (-5 - -2) - (1 - -7)
-6
What is the value of (129 - 134) + 14 + 0?
9
What is the value of 52 + -58 + 35 - (0 + 1 - -6)?
22
What is (-2 - -3) + (8 + 3 - 19)?
-7
Evaluate 20 - (-1 - (-11 + 18) - -18).
10
Calculate -13 + (-13 - -39) + -28.
-15
Evaluate 41 - (72 + -20) - (-18 - 1).
8
What is 16 + 8 + -17 - (3 - -34)?
-30
3 - (44 - 25) - -23
7
Calculate 13 - (4 - (-6 + (4 - -2))).
9
Evaluate -7 - (-13 +